 1099.
367
What is the remainder when 111371 is divided by 269?
5
Calculate the remainder when 17567 is divided by 5850.
17
What is the remainder when 23673 is divided by 62?
51
What is the remainder when 11246 is divided by 3731?
53
What is the remainder when 14650 is divided by 407?
405
Calculate the remainder when 3582 is divided by 433.
118
What is the remainder when 83472 is divided by 85?
2
Calculate the remainder when 3888 is divided by 280.
248
Calculate the remainder when 212053 is divided by 516.
493
Calculate the remainder when 1823 is divided by 180.
23
What is the remainder when 540597 is divided by 12?
9
Calculate the remainder when 687 is divided by 291.
105
Calculate the remainder when 5152 is divided by 129.
121
Calculate the remainder when 206295 is divided by 103142.
11
Calculate the remainder when 7998 is divided by 442.
42
Calculate the remainder when 6728 is divided by 230.
58
Calculate the remainder when 8467 is divided by 248.
35
What is the remainder when 7137 is divided by 5?
2
What is the remainder when 7919 is divided by 1277?
257
Calculate the remainder when 374 is divided by 25.
24
Calculate the remainder when 13296 is divided by 2195.
126
Calculate the remainder when 3107033 is divided by 21.
20
Calculate the remainder when 308 is divided by 150.
8
What is the remainder when 18670 is divided by 18663?
7
Calculate the remainder when 24618 is divided by 24528.
90
What is the remainder when 82732 is divided by 5170?
12
Calculate the remainder when 7769 is divided by 222.
221
Calculate the remainder when 2698688 is divided by 2558.
2556
What is the remainder when 8724 is divided by 45?
39
What is the remainder when 8672 is divided by 11?
4
Calculate the remainder when 5061 is divided by 130.
121
What is the remainder when 1459 is divided by 60?
19
Calculate the remainder when 30709 is divided by 28.
21
Calculate the remainder when 5951 is divided by 661.
2
What is the remainder when 129358 is divided by 112?
110
Calculate the remainder when 33887 is divided by 957.
392
What is the remainder when 6448 is divided by 85?
73
What is the remainder when 1360 is divided by 91?
86
What is the remainder when 5877 is divided by 41?
14
Calculate the remainder when 46538 is divided by 427.
422
What is the remainder when 69381 is divided by 34662?
57
What is the remainder when 64123 is divided by 32054?
15
Calculate the remainder when 11190 is divided by 98.
18
Calculate the remainder when 251119 is divided by 137.
135
What is the remainder when 191310 is divided by 107?
101
What is the remainder when 1533975 is divided by 76698?
15
What is the remainder when 43639 is divided by 14514?
97
What is the remainder when 3510 is divided by 318?
12
What is the remainder when 42482 is divided by 1572?
38
Calculate the remainder when 9314 is divided by 9181.
133
Calculate the remainder when 2463 is divided by 352.
351
What is the remainder when 709216 is divided by 64473?
13
Calculate the remainder when 20048 is divided by 398.
148
Calculate the remainder when 763 is divided by 340.
83
What is the remainder when 112094 is divided by 32?
30
What is the remainder when 144238 is divided by 144216?
22
What is the remainder when 25347 is divided by 26?
23
Calculate the remainder when 13615 is divided by 90.
25
Calculate the remainder when 46582 is divided by 656.
6
What is the remainder when 17719 is divided by 43?
3
What is the remainder when 17463 is divided by 413?
117
What is the remainder when 449604 is divided by 219?
216
What is the remainder when 457842 is divided by 584?
570
What is the remainder when 1344743 is divided by 19?
18
What is the remainder when 211965 is divided by 749?
747
Calculate the remainder when 16893 is divided by 5628.
9
What is the remainder when 39106 is divided by 19545?
16
Calculate the remainder when 31719 is divided by 151.
9
Calculate the remainder when 11157 is divided by 677.
325
What is the remainder when 32888 is divided by 76?
56
What is the remainder when 4215076 is divided by 49?
47
Calculate the remainder when 1482 is divided by 1410.
72
Calculate the remainder when 9209 is divided by 75.
59
What is the remainder when 209182 is divided by 19?
11
What is the remainder when 13959 is divided by 3488?
7
Calculate the remainder when 13603 is divided by 501.
76
Calculate the remainder when 18696 is divided by 445.
6
What is the remainder when 60830 is divided by 199?
135
What is the remainder when 21239 is divided by 249?
74
Calculate the remainder when 559944 is divided by 22.
0
Calculate the remainder when 41837 is divided by 13939.
20
What is the remainder when 344304 is divided by 499?
493
Calculate the remainder when 206741 is divided by 181.
39
Calculate the remainder when 691 is divided by 58.
53
What is the remainder when 9250 is divided by 1845?
25
Calculate the remainder when 4224 is divided by 883.
692
What is the remainder when 130564 is divided by 340?
4
Calculate the remainder when 26039 is divided by 7955.
2174
What is the remainder when 5519 is divided by 371?
325
Calculate the remainder when 18094 is divided by 58.
56
What is the remainder when 6135 is divided by 5649?
486
Calculate the remainder when 13629 is divided by 88.
77
Calculate the remainder when 17879 is divided by 75.
29
What is the remainder when 2961 is divided by 110?
101
What is the remainder when 18448 is divided by 30?
28
What is the remainder when 162899 is divided by 40710?
59
What is the remainder when 13244 is divided by 4366?
146
Calculate the remainder when 4357 is divided by 121.
1
Calculate the remainder when 15742 is divided by 1174.
480
Calculate the remainder when 17723 is divided by 17713.
10
What is the remainder when 41653 is divided by 41528?
125
What is the remainder when 2118 is divided by 902?
314
Calculate the remainder when 2885 is divided by 513.
320
Calculate the remainder when 832485 is divided by 146.
139
Calculate the remainder when 41814 is divided by 2944.
598
Calculate the remainder when 358469 is divided by 57.
53
What is the remainder when 24259 is divided by 898?
13
What is the remainder when 72892 is divided by 21?
1
Calculate the remainder when 1148177 is divided by 220.
217
What is the remainder when 11357 is divided by 30?
17
What is the remainder when 26847 is divided by 67?
47
Calculate the remainder when 179396 is divided by 780.
776
What is the remainder when 7757 is divided by 3829?
99
What is the remainder when 67846 is divided by 329?
72
What is the remainder when 174415 is divided by 18?
13
What is the remainder when 4493 is divided by 218?
133
What is the remainder when 3490 is divided by 184?
178
Calculate the remainder when 16386 is divided by 434.
328
What is the remainder when 3674 is divided by 3412?
262
What is the remainder when 7495 is divided by 1146?
619
What is the remainder when 126665 is divided by 681?
680
What is the remainder when 822 is divided by 157?
37
What is the remainder when 1727 is divided by 740?
247
Calculate the remainder when 4326 is divided by 66.
36
What is the remainder when 60511 is divided by 19?
15
What is the remainder when 2580025 is divided by 307?
304
What is the remainder when 449153 is divided by 190?
183
What is the remainder when 3315 is divided by 1592?
131
What is the remainder when 583 is divided by 274?
35
What is the remainder when 582286 is divided by 263?
4
What is the remainder when 173750 is divided by 2518?
8
What is the remainder when 10709 is divided by 2676?
5
Calculate the remainder when 410 is divided by 388.
22
What is the remainder when 9059 is divided by 4407?
245
What is the remainder when 4644 is divided by 4639?
5
Calculate the remainder when 6297678 is divided by 31.
28
What is the remainder when 5818 is divided by 66?
10
What is the remainder when 3129 is divided by 1418?
293
What is the remainder when 5394 is divided by 5371?
23
Calculate the remainder when 1472218 is divided by 45.
43
What is the remainder when 2486 is divided by 1228?
30
What is the remainder when 680266 is divided by 47?
35
Calculate the remainder when 5240 is divided by 349.
5
What is the remainder when 8301 is divided by 112?
13
Calculate the remainder when 28855 is divided by 14425.
5
What is the remainder when 2338 is divided by 83?
